{"id":2369,"date":"2026-01-20T21:07:01","date_gmt":"2026-01-20T20:07:01","guid":{"rendered":"https:\/\/www.construccionspalet.com\/?post_type=inmuebles&#038;p=2369"},"modified":"2026-01-20T21:07:21","modified_gmt":"2026-01-20T20:07:21","slug":"2369","status":"publish","type":"inmuebles","link":"https:\/\/www.construccionspalet.com\/es\/inmuebles\/2369\/","title":{"rendered":"\u00c0tic d\u00faplex a Pineda de Mar"},"content":{"rendered":"<p>\u00c0tic d\u00faplex a Pineda de Mar, Poblenou, habitatge molt assolellat i amb excel\u00b7lent distribuci\u00f3. Finca del 1999 amb ascensor.<\/p>\n<p>L\u00b4habitatge consta d\u00b4ampli sal\u00f3 menjador amb sortida a la terrassa (molt assoleiada), cuina tipus office amb safareig, 4 habitacions (3 en planta baixa) i 3 banys, ideal per a fam\u00edlies que busquen espai i comoditat.<\/p>\n<p>A la planta superior hi trobem una segona terrassa, ideal com a zona de relax o sol\u00e0rium i un traster de gran capacitat.<\/p>","protected":false},"featured_media":2396,"template":"","modalitat":[9],"poblacions":[19],"tipologias":[34],"class_list":["post-2369","inmuebles","type-inmuebles","status-publish","has-post-thumbnail","hentry","modalitat-venda","poblacions-pineda-de-mar","tipologias-duplex"],"acf":[],"yoast_head":"<!-- This site is optimized with the Yoast SEO plugin v27.1.1 - https:\/\/yoast.com\/product\/yoast-seo-wordpress\/ -->\n<title>\u00c0tic d\u00faplex a Pineda de Mar &#187; Construccions Palet<\/title>\n<meta name=\"robots\" content=\"index, follow, max-snippet:-1, max-image-preview:large, max-video-preview:-1\" \/>\n<link rel=\"canonical\" href=\"https:\/\/www.construccionspalet.com\/es\/inmuebles\/2369\/\" \/>\n<meta property=\"og:locale\" content=\"es_ES\" \/>\n<meta property=\"og:type\" content=\"article\" \/>\n<meta property=\"og:title\" content=\"\u00c0tic d\u00faplex a Pineda de Mar &#187; Construccions Palet\" \/>\n<meta property=\"og:description\" content=\"\u00c0tic d\u00faplex a Pineda de Mar, Poblenou, habitatge molt assolellat i amb excel\u00b7lent distribuci\u00f3. Finca del 1999 amb ascensor. L\u00b4habitatge consta d\u00b4ampli sal\u00f3 menjador amb sortida a la terrassa (molt assoleiada), cuina tipus office amb safareig, 4 habitacions (3 en planta baixa) i 3 banys, ideal per a fam\u00edlies que busquen espai i comoditat. A ... Leer m\u00e1s\" \/>\n<meta property=\"og:url\" content=\"https:\/\/www.construccionspalet.com\/es\/inmuebles\/2369\/\" \/>\n<meta property=\"og:site_name\" content=\"Construccions Palet\" \/>\n<meta property=\"article:modified_time\" content=\"2026-01-20T20:07:21+00:00\" \/>\n<meta property=\"og:image\" content=\"https:\/\/www.construccionspalet.com\/wp-content\/uploads\/2026\/01\/comprar-poblenou-atico-duplex-pineda-de-mar-78-scaled.jpg\" \/>\n\t<meta property=\"og:image:width\" content=\"2560\" \/>\n\t<meta property=\"og:image:height\" content=\"1928\" \/>\n\t<meta property=\"og:image:type\" content=\"image\/jpeg\" \/>\n<meta name=\"twitter:card\" content=\"summary_large_image\" \/>\n<meta name=\"twitter:label1\" content=\"Tiempo de lectura\" \/>\n\t<meta name=\"twitter:data1\" content=\"1 minuto\" \/>\n<script type=\"application\/ld+json\" class=\"yoast-schema-graph\">{\"@context\":\"https:\/\/schema.org\",\"@graph\":[{\"@type\":\"WebPage\",\"@id\":\"https:\/\/www.construccionspalet.com\/inmuebles\/2369\/\",\"url\":\"https:\/\/www.construccionspalet.com\/inmuebles\/2369\/\",\"name\":\"\u00c0tic d\u00faplex a Pineda de Mar &#187; Construccions Palet\",\"isPartOf\":{\"@id\":\"https:\/\/www.construccionspalet.com\/#website\"},\"primaryImageOfPage\":{\"@id\":\"https:\/\/www.construccionspalet.com\/inmuebles\/2369\/#primaryimage\"},\"image\":{\"@id\":\"https:\/\/www.construccionspalet.com\/inmuebles\/2369\/#primaryimage\"},\"thumbnailUrl\":\"https:\/\/www.construccionspalet.com\/wp-content\/uploads\/2026\/01\/comprar-poblenou-atico-duplex-pineda-de-mar-78-scaled.jpg\",\"datePublished\":\"2026-01-20T20:07:01+00:00\",\"dateModified\":\"2026-01-20T20:07:21+00:00\",\"breadcrumb\":{\"@id\":\"https:\/\/www.construccionspalet.com\/inmuebles\/2369\/#breadcrumb\"},\"inLanguage\":\"es\",\"potentialAction\":[{\"@type\":\"ReadAction\",\"target\":[\"https:\/\/www.construccionspalet.com\/inmuebles\/2369\/\"]}]},{\"@type\":\"ImageObject\",\"inLanguage\":\"es\",\"@id\":\"https:\/\/www.construccionspalet.com\/inmuebles\/2369\/#primaryimage\",\"url\":\"https:\/\/www.construccionspalet.com\/wp-content\/uploads\/2026\/01\/comprar-poblenou-atico-duplex-pineda-de-mar-78-scaled.jpg\",\"contentUrl\":\"https:\/\/www.construccionspalet.com\/wp-content\/uploads\/2026\/01\/comprar-poblenou-atico-duplex-pineda-de-mar-78-scaled.jpg\",\"width\":2560,\"height\":1928},{\"@type\":\"BreadcrumbList\",\"@id\":\"https:\/\/www.construccionspalet.com\/inmuebles\/2369\/#breadcrumb\",\"itemListElement\":[{\"@type\":\"ListItem\",\"position\":1,\"name\":\"Portada\",\"item\":\"https:\/\/www.construccionspalet.com\/\"},{\"@type\":\"ListItem\",\"position\":2,\"name\":\"Immobles\",\"item\":\"https:\/\/www.construccionspalet.com\/es\/inmuebles\/\"},{\"@type\":\"ListItem\",\"position\":3,\"name\":\"\u00c0tic d\u00faplex a Pineda de Mar\"}]},{\"@type\":\"WebSite\",\"@id\":\"https:\/\/www.construccionspalet.com\/#website\",\"url\":\"https:\/\/www.construccionspalet.com\/\",\"name\":\"Construccions Palet\",\"description\":\"Obres i reformes integrals amb acabats d&#039;alta qualitat al Maresme\",\"publisher\":{\"@id\":\"https:\/\/www.construccionspalet.com\/#organization\"},\"potentialAction\":[{\"@type\":\"SearchAction\",\"target\":{\"@type\":\"EntryPoint\",\"urlTemplate\":\"https:\/\/www.construccionspalet.com\/?s={search_term_string}\"},\"query-input\":{\"@type\":\"PropertyValueSpecification\",\"valueRequired\":true,\"valueName\":\"search_term_string\"}}],\"inLanguage\":\"es\"},{\"@type\":\"Organization\",\"@id\":\"https:\/\/www.construccionspalet.com\/#organization\",\"name\":\"Construccions Palet\",\"url\":\"https:\/\/www.construccionspalet.com\/\",\"logo\":{\"@type\":\"ImageObject\",\"inLanguage\":\"es\",\"@id\":\"https:\/\/www.construccionspalet.com\/#\/schema\/logo\/image\/\",\"url\":\"https:\/\/construccionspalet.b-cdn.net\/wp-content\/uploads\/2020\/01\/logo-construccions-palet_w512-1.png\",\"contentUrl\":\"https:\/\/construccionspalet.b-cdn.net\/wp-content\/uploads\/2020\/01\/logo-construccions-palet_w512-1.png\",\"width\":512,\"height\":182,\"caption\":\"Construccions Palet\"},\"image\":{\"@id\":\"https:\/\/www.construccionspalet.com\/#\/schema\/logo\/image\/\"}}]}<\/script>\n<!-- \/ Yoast SEO plugin. -->","yoast_head_json":{"title":"\u00c0tic d\u00faplex a Pineda de Mar &#187; Construccions Palet","robots":{"index":"index","follow":"follow","max-snippet":"max-snippet:-1","max-image-preview":"max-image-preview:large","max-video-preview":"max-video-preview:-1"},"canonical":"https:\/\/www.construccionspalet.com\/es\/inmuebles\/2369\/","og_locale":"es_ES","og_type":"article","og_title":"\u00c0tic d\u00faplex a Pineda de Mar &#187; Construccions Palet","og_description":"\u00c0tic d\u00faplex a Pineda de Mar, Poblenou, habitatge molt assolellat i amb excel\u00b7lent distribuci\u00f3. Finca del 1999 amb ascensor. L\u00b4habitatge consta d\u00b4ampli sal\u00f3 menjador amb sortida a la terrassa (molt assoleiada), cuina tipus office amb safareig, 4 habitacions (3 en planta baixa) i 3 banys, ideal per a fam\u00edlies que busquen espai i comoditat. A ... Leer m\u00e1s","og_url":"https:\/\/www.construccionspalet.com\/es\/inmuebles\/2369\/","og_site_name":"Construccions Palet","article_modified_time":"2026-01-20T20:07:21+00:00","og_image":[{"width":2560,"height":1928,"url":"https:\/\/www.construccionspalet.com\/wp-content\/uploads\/2026\/01\/comprar-poblenou-atico-duplex-pineda-de-mar-78-scaled.jpg","type":"image\/jpeg"}],"twitter_card":"summary_large_image","twitter_misc":{"Tiempo de lectura":"1 minuto"},"schema":{"@context":"https:\/\/schema.org","@graph":[{"@type":"WebPage","@id":"https:\/\/www.construccionspalet.com\/inmuebles\/2369\/","url":"https:\/\/www.construccionspalet.com\/inmuebles\/2369\/","name":"\u00c0tic d\u00faplex a Pineda de Mar &#187; Construccions Palet","isPartOf":{"@id":"https:\/\/www.construccionspalet.com\/#website"},"primaryImageOfPage":{"@id":"https:\/\/www.construccionspalet.com\/inmuebles\/2369\/#primaryimage"},"image":{"@id":"https:\/\/www.construccionspalet.com\/inmuebles\/2369\/#primaryimage"},"thumbnailUrl":"https:\/\/www.construccionspalet.com\/wp-content\/uploads\/2026\/01\/comprar-poblenou-atico-duplex-pineda-de-mar-78-scaled.jpg","datePublished":"2026-01-20T20:07:01+00:00","dateModified":"2026-01-20T20:07:21+00:00","breadcrumb":{"@id":"https:\/\/www.construccionspalet.com\/inmuebles\/2369\/#breadcrumb"},"inLanguage":"es","potentialAction":[{"@type":"ReadAction","target":["https:\/\/www.construccionspalet.com\/inmuebles\/2369\/"]}]},{"@type":"ImageObject","inLanguage":"es","@id":"https:\/\/www.construccionspalet.com\/inmuebles\/2369\/#primaryimage","url":"https:\/\/www.construccionspalet.com\/wp-content\/uploads\/2026\/01\/comprar-poblenou-atico-duplex-pineda-de-mar-78-scaled.jpg","contentUrl":"https:\/\/www.construccionspalet.com\/wp-content\/uploads\/2026\/01\/comprar-poblenou-atico-duplex-pineda-de-mar-78-scaled.jpg","width":2560,"height":1928},{"@type":"BreadcrumbList","@id":"https:\/\/www.construccionspalet.com\/inmuebles\/2369\/#breadcrumb","itemListElement":[{"@type":"ListItem","position":1,"name":"Portada","item":"https:\/\/www.construccionspalet.com\/"},{"@type":"ListItem","position":2,"name":"Immobles","item":"https:\/\/www.construccionspalet.com\/es\/inmuebles\/"},{"@type":"ListItem","position":3,"name":"\u00c0tic d\u00faplex a Pineda de Mar"}]},{"@type":"WebSite","@id":"https:\/\/www.construccionspalet.com\/#website","url":"https:\/\/www.construccionspalet.com\/","name":"Construccions Palet","description":"Obres i reformes integrals amb acabats d&#039;alta qualitat al Maresme","publisher":{"@id":"https:\/\/www.construccionspalet.com\/#organization"},"potentialAction":[{"@type":"SearchAction","target":{"@type":"EntryPoint","urlTemplate":"https:\/\/www.construccionspalet.com\/?s={search_term_string}"},"query-input":{"@type":"PropertyValueSpecification","valueRequired":true,"valueName":"search_term_string"}}],"inLanguage":"es"},{"@type":"Organization","@id":"https:\/\/www.construccionspalet.com\/#organization","name":"Construccions Palet","url":"https:\/\/www.construccionspalet.com\/","logo":{"@type":"ImageObject","inLanguage":"es","@id":"https:\/\/www.construccionspalet.com\/#\/schema\/logo\/image\/","url":"https:\/\/construccionspalet.b-cdn.net\/wp-content\/uploads\/2020\/01\/logo-construccions-palet_w512-1.png","contentUrl":"https:\/\/construccionspalet.b-cdn.net\/wp-content\/uploads\/2020\/01\/logo-construccions-palet_w512-1.png","width":512,"height":182,"caption":"Construccions Palet"},"image":{"@id":"https:\/\/www.construccionspalet.com\/#\/schema\/logo\/image\/"}}]}},"_links":{"self":[{"href":"https:\/\/www.construccionspalet.com\/es\/wp-json\/wp\/v2\/inmuebles\/2369","targetHints":{"allow":["GET"]}}],"collection":[{"href":"https:\/\/www.construccionspalet.com\/es\/wp-json\/wp\/v2\/inmuebles"}],"about":[{"href":"https:\/\/www.construccionspalet.com\/es\/wp-json\/wp\/v2\/types\/inmuebles"}],"wp:featuredmedia":[{"embeddable":true,"href":"https:\/\/www.construccionspalet.com\/es\/wp-json\/wp\/v2\/media\/2396"}],"wp:attachment":[{"href":"https:\/\/www.construccionspalet.com\/es\/wp-json\/wp\/v2\/media?parent=2369"}],"wp:term":[{"taxonomy":"modalitat","embeddable":true,"href":"https:\/\/www.construccionspalet.com\/es\/wp-json\/wp\/v2\/modalitat?post=2369"},{"taxonomy":"poblacions","embeddable":true,"href":"https:\/\/www.construccionspalet.com\/es\/wp-json\/wp\/v2\/poblacions?post=2369"},{"taxonomy":"tipologias","embeddable":true,"href":"https:\/\/www.construccionspalet.com\/es\/wp-json\/wp\/v2\/tipologias?post=2369"}],"curies":[{"name":"wp","href":"https:\/\/api.w.org\/{rel}","templated":true}]}}

Àtic dúplex a Pineda de Mar

<p>Àtic dúplex a Pineda de Mar, Poblenou, habitatge molt assolellat i amb excel·lent distribució. Finca del 1999 amb ascensor.</p>
<p>L´habitatge consta d´ampli saló menjador amb sortida a la terrassa (molt assoleiada), cuina tipus office amb safareig, 4 habitacions (3 en planta baixa) i 3 banys, ideal per a famílies que busquen espai i comoditat.</p>
<p>A la planta superior hi trobem una segona terrassa, ideal com a zona de relax o solàrium i un traster de gran capacitat.</p>

<!-- This site is optimized with the Yoast SEO plugin v27.1.1 - https://yoast.com/product/yoast-seo-wordpress/ -->
<title>Àtic dúplex a Pineda de Mar &#187; Construccions Palet</title>
<meta name="robots" content="index, follow, max-snippet:-1, max-image-preview:large, max-video-preview:-1" />
<link rel="canonical" href="https://www.construccionspalet.com/es/inmuebles/2369/" />
<meta property="og:locale" content="es_ES" />
<meta property="og:type" content="article" />
<meta property="og:title" content="Àtic dúplex a Pineda de Mar &#187; Construccions Palet" />
<meta property="og:description" content="Àtic dúplex a Pineda de Mar, Poblenou, habitatge molt assolellat i amb excel·lent distribució. Finca del 1999 amb ascensor. L´habitatge consta d´ampli saló menjador amb sortida a la terrassa (molt assoleiada), cuina tipus office amb safareig, 4 habitacions (3 en planta baixa) i 3 banys, ideal per a famílies que busquen espai i comoditat. A ... Leer más" />
<meta property="og:url" content="https://www.construccionspalet.com/es/inmuebles/2369/" />
<meta property="og:site_name" content="Construccions Palet" />
<meta property="article:modified_time" content="2026-01-20T20:07:21+00:00" />
<meta property="og:image" content="https://www.construccionspalet.com/wp-content/uploads/2026/01/comprar-poblenou-atico-duplex-pineda-de-mar-78-scaled.jpg" />
	<meta property="og:image:width" content="2560" />
	<meta property="og:image:height" content="1928" />
	<meta property="og:image:type" content="image/jpeg" />
<meta name="twitter:card" content="summary_large_image" />
<meta name="twitter:label1" content="Tiempo de lectura" />
	<meta name="twitter:data1" content="1 minuto" />
<script type="application/ld+json" class="yoast-schema-graph">{"@context":"https://schema.org","@graph":[{"@type":"WebPage","@id":"https://www.construccionspalet.com/inmuebles/2369/","url":"https://www.construccionspalet.com/inmuebles/2369/","name":"Àtic dúplex a Pineda de Mar &#187; Construccions Palet","isPartOf":{"@id":"https://www.construccionspalet.com/#website"},"primaryImageOfPage":{"@id":"https://www.construccionspalet.com/inmuebles/2369/#primaryimage"},"image":{"@id":"https://www.construccionspalet.com/inmuebles/2369/#primaryimage"},"thumbnailUrl":"https://www.construccionspalet.com/wp-content/uploads/2026/01/comprar-poblenou-atico-duplex-pineda-de-mar-78-scaled.jpg","datePublished":"2026-01-20T20:07:01+00:00","dateModified":"2026-01-20T20:07:21+00:00","breadcrumb":{"@id":"https://www.construccionspalet.com/inmuebles/2369/#breadcrumb"},"inLanguage":"es","potentialAction":[{"@type":"ReadAction","target":["https://www.construccionspalet.com/inmuebles/2369/"]}]},{"@type":"ImageObject","inLanguage":"es","@id":"https://www.construccionspalet.com/inmuebles/2369/#primaryimage","url":"https://www.construccionspalet.com/wp-content/uploads/2026/01/comprar-poblenou-atico-duplex-pineda-de-mar-78-scaled.jpg","contentUrl":"https://www.construccionspalet.com/wp-content/uploads/2026/01/comprar-poblenou-atico-duplex-pineda-de-mar-78-scaled.jpg","width":2560,"height":1928},{"@type":"BreadcrumbList","@id":"https://www.construccionspalet.com/inmuebles/2369/#breadcrumb","itemListElement":[{"@type":"ListItem","position":1,"name":"Portada","item":"https://www.construccionspalet.com/"},{"@type":"ListItem","position":2,"name":"Immobles","item":"https://www.construccionspalet.com/es/inmuebles/"},{"@type":"ListItem","position":3,"name":"Àtic dúplex a Pineda de Mar"}]},{"@type":"WebSite","@id":"https://www.construccionspalet.com/#website","url":"https://www.construccionspalet.com/","name":"Construccions Palet","description":"Obres i reformes integrals amb acabats d&#039;alta qualitat al Maresme","publisher":{"@id":"https://www.construccionspalet.com/#organization"},"potentialAction":[{"@type":"SearchAction","target":{"@type":"EntryPoint","urlTemplate":"https://www.construccionspalet.com/?s={search_term_string}"},"query-input":{"@type":"PropertyValueSpecification","valueRequired":true,"valueName":"search_term_string"}}],"inLanguage":"es"},{"@type":"Organization","@id":"https://www.construccionspalet.com/#organization","name":"Construccions Palet","url":"https://www.construccionspalet.com/","logo":{"@type":"ImageObject","inLanguage":"es","@id":"https://www.construccionspalet.com/#/schema/logo/image/","url":"https://construccionspalet.b-cdn.net/wp-content/uploads/2020/01/logo-construccions-palet_w512-1.png","contentUrl":"https://construccionspalet.b-cdn.net/wp-content/uploads/2020/01/logo-construccions-palet_w512-1.png","width":512,"height":182,"caption":"Construccions Palet"},"image":{"@id":"https://www.construccionspalet.com/#/schema/logo/image/"}}]}</script>
<!-- / Yoast SEO plugin. -->

Àtic dúplex a Pineda de Mar &#187; Construccions Palet

Àtic dúplex a Pineda de Mar, Poblenou, habitatge molt assolellat i amb excel·lent distribució. Finca del 1999 amb ascensor. L´habitatge consta d´ampli saló menjador amb sortida a la terrassa (molt assoleiada), cuina tipus office amb safareig, 4 habitacions (3 en planta baixa) i 3 banys, ideal per a famílies que busquen espai i comoditat. A ... Leer más
