{"id":1409,"date":"2020-07-24T10:46:44","date_gmt":"2020-07-24T08:46:44","guid":{"rendered":"https:\/\/www.construccionspalet.com\/?post_type=inmuebles&#038;p=1409"},"modified":"2025-07-03T12:22:33","modified_gmt":"2025-07-03T10:22:33","slug":"local-comercial-en-venta","status":"publish","type":"inmuebles","link":"https:\/\/www.construccionspalet.com\/es\/inmuebles\/local-comercial-en-venta\/","title":{"rendered":"Local comercial en venta"},"content":{"rendered":"<p>Local comercial en Calella, a tan solo media hora de Barcelona. Local esquinero de 90\u202fm\u00b2 en la calle Barcelona con calle San Isidro. Muy c\u00e9ntrico, cerca del Ayuntamiento y la Iglesia. El local dispone de 2 despachos, trastero, aseo, 2 aparatos de aire acondicionado, alarma y 5 persianas autom\u00e1ticas.\u00a0 Magn\u00edfico estado de conservaci\u00f3n.<\/p>\n<p>\u00a1Ideal para emprender un nuevo negocio!<\/p>\n<p>&nbsp;<\/p>\n<p>&nbsp;<\/p>","protected":false},"featured_media":1419,"template":"","modalitat":[9],"poblacions":[10],"tipologias":[32],"class_list":["post-1409","inmuebles","type-inmuebles","status-publish","has-post-thumbnail","hentry","modalitat-venda","poblacions-calella","tipologias-local"],"acf":[],"yoast_head":"<!-- This site is optimized with the Yoast SEO plugin v27.1.1 - https:\/\/yoast.com\/product\/yoast-seo-wordpress\/ -->\n<title>Local comercial en venta &#187; Construccions Palet<\/title>\n<meta name=\"robots\" content=\"index, follow, max-snippet:-1, max-image-preview:large, max-video-preview:-1\" \/>\n<link rel=\"canonical\" href=\"https:\/\/www.construccionspalet.com\/es\/inmuebles\/local-comercial-en-venta\/\" \/>\n<meta property=\"og:locale\" content=\"es_ES\" \/>\n<meta property=\"og:type\" content=\"article\" \/>\n<meta property=\"og:title\" content=\"Local comercial en venta &#187; Construccions Palet\" \/>\n<meta property=\"og:description\" content=\"Local comercial a Calella, a nom\u00e9s mitja hora de Barcelona. Local cantoner de 90m2 al carrer Barcelona amb carrer Sant Isidre. Molt c\u00e8ntric, a prop de l&#8217;Ajuntament i l&#8217;Esgl\u00e9sia. El local disposa de 2 despatxos, traster, lavabo, 2 aparells d\u02bbaire condicionat, alarma i 5 persianes autom\u00e0tiques.\u00a0 Magn\u00edfic estat de conservaci\u00f3. Ideal per emprendre un nou ... Leer m\u00e1s\" \/>\n<meta property=\"og:url\" content=\"https:\/\/www.construccionspalet.com\/es\/inmuebles\/local-comercial-en-venta\/\" \/>\n<meta property=\"og:site_name\" content=\"Construccions Palet\" \/>\n<meta property=\"article:modified_time\" content=\"2025-07-03T10:22:33+00:00\" \/>\n<meta property=\"og:image\" content=\"https:\/\/www.construccionspalet.com\/wp-content\/uploads\/2020\/07\/NOV.jpg\" \/>\n\t<meta property=\"og:image:width\" content=\"1599\" \/>\n\t<meta property=\"og:image:height\" content=\"1200\" \/>\n\t<meta property=\"og:image:type\" content=\"image\/jpeg\" \/>\n<meta name=\"twitter:card\" content=\"summary_large_image\" \/>\n<meta name=\"twitter:label1\" content=\"Tiempo de lectura\" \/>\n\t<meta name=\"twitter:data1\" content=\"1 minuto\" \/>\n<script type=\"application\/ld+json\" class=\"yoast-schema-graph\">{\"@context\":\"https:\/\/schema.org\",\"@graph\":[{\"@type\":\"WebPage\",\"@id\":\"https:\/\/www.construccionspalet.com\/inmuebles\/local-comercial-en-venta\/\",\"url\":\"https:\/\/www.construccionspalet.com\/inmuebles\/local-comercial-en-venta\/\",\"name\":\"Local comercial en venta &#187; Construccions Palet\",\"isPartOf\":{\"@id\":\"https:\/\/www.construccionspalet.com\/#website\"},\"primaryImageOfPage\":{\"@id\":\"https:\/\/www.construccionspalet.com\/inmuebles\/local-comercial-en-venta\/#primaryimage\"},\"image\":{\"@id\":\"https:\/\/www.construccionspalet.com\/inmuebles\/local-comercial-en-venta\/#primaryimage\"},\"thumbnailUrl\":\"https:\/\/www.construccionspalet.com\/wp-content\/uploads\/2020\/07\/NOV.jpg\",\"datePublished\":\"2020-07-24T08:46:44+00:00\",\"dateModified\":\"2025-07-03T10:22:33+00:00\",\"breadcrumb\":{\"@id\":\"https:\/\/www.construccionspalet.com\/inmuebles\/local-comercial-en-venta\/#breadcrumb\"},\"inLanguage\":\"es\",\"potentialAction\":[{\"@type\":\"ReadAction\",\"target\":[\"https:\/\/www.construccionspalet.com\/inmuebles\/local-comercial-en-venta\/\"]}]},{\"@type\":\"ImageObject\",\"inLanguage\":\"es\",\"@id\":\"https:\/\/www.construccionspalet.com\/inmuebles\/local-comercial-en-venta\/#primaryimage\",\"url\":\"https:\/\/www.construccionspalet.com\/wp-content\/uploads\/2020\/07\/NOV.jpg\",\"contentUrl\":\"https:\/\/www.construccionspalet.com\/wp-content\/uploads\/2020\/07\/NOV.jpg\",\"width\":1599,\"height\":1200},{\"@type\":\"BreadcrumbList\",\"@id\":\"https:\/\/www.construccionspalet.com\/inmuebles\/local-comercial-en-venta\/#breadcrumb\",\"itemListElement\":[{\"@type\":\"ListItem\",\"position\":1,\"name\":\"Portada\",\"item\":\"https:\/\/www.construccionspalet.com\/\"},{\"@type\":\"ListItem\",\"position\":2,\"name\":\"Immobles\",\"item\":\"https:\/\/www.construccionspalet.com\/es\/inmuebles\/\"},{\"@type\":\"ListItem\",\"position\":3,\"name\":\"Local comercial en venta\"}]},{\"@type\":\"WebSite\",\"@id\":\"https:\/\/www.construccionspalet.com\/#website\",\"url\":\"https:\/\/www.construccionspalet.com\/\",\"name\":\"Construccions Palet\",\"description\":\"Obres i reformes integrals amb acabats d&#039;alta qualitat al Maresme\",\"publisher\":{\"@id\":\"https:\/\/www.construccionspalet.com\/#organization\"},\"potentialAction\":[{\"@type\":\"SearchAction\",\"target\":{\"@type\":\"EntryPoint\",\"urlTemplate\":\"https:\/\/www.construccionspalet.com\/?s={search_term_string}\"},\"query-input\":{\"@type\":\"PropertyValueSpecification\",\"valueRequired\":true,\"valueName\":\"search_term_string\"}}],\"inLanguage\":\"es\"},{\"@type\":\"Organization\",\"@id\":\"https:\/\/www.construccionspalet.com\/#organization\",\"name\":\"Construccions Palet\",\"url\":\"https:\/\/www.construccionspalet.com\/\",\"logo\":{\"@type\":\"ImageObject\",\"inLanguage\":\"es\",\"@id\":\"https:\/\/www.construccionspalet.com\/#\/schema\/logo\/image\/\",\"url\":\"https:\/\/construccionspalet.b-cdn.net\/wp-content\/uploads\/2020\/01\/logo-construccions-palet_w512-1.png\",\"contentUrl\":\"https:\/\/construccionspalet.b-cdn.net\/wp-content\/uploads\/2020\/01\/logo-construccions-palet_w512-1.png\",\"width\":512,\"height\":182,\"caption\":\"Construccions Palet\"},\"image\":{\"@id\":\"https:\/\/www.construccionspalet.com\/#\/schema\/logo\/image\/\"}}]}<\/script>\n<!-- \/ Yoast SEO plugin. -->","yoast_head_json":{"title":"Local comercial en venta &#187; Construccions Palet","robots":{"index":"index","follow":"follow","max-snippet":"max-snippet:-1","max-image-preview":"max-image-preview:large","max-video-preview":"max-video-preview:-1"},"canonical":"https:\/\/www.construccionspalet.com\/es\/inmuebles\/local-comercial-en-venta\/","og_locale":"es_ES","og_type":"article","og_title":"Local comercial en venta &#187; Construccions Palet","og_description":"Local comercial a Calella, a nom\u00e9s mitja hora de Barcelona. Local cantoner de 90m2 al carrer Barcelona amb carrer Sant Isidre. Molt c\u00e8ntric, a prop de l&#8217;Ajuntament i l&#8217;Esgl\u00e9sia. El local disposa de 2 despatxos, traster, lavabo, 2 aparells d\u02bbaire condicionat, alarma i 5 persianes autom\u00e0tiques.\u00a0 Magn\u00edfic estat de conservaci\u00f3. Ideal per emprendre un nou ... Leer m\u00e1s","og_url":"https:\/\/www.construccionspalet.com\/es\/inmuebles\/local-comercial-en-venta\/","og_site_name":"Construccions Palet","article_modified_time":"2025-07-03T10:22:33+00:00","og_image":[{"width":1599,"height":1200,"url":"https:\/\/www.construccionspalet.com\/wp-content\/uploads\/2020\/07\/NOV.jpg","type":"image\/jpeg"}],"twitter_card":"summary_large_image","twitter_misc":{"Tiempo de lectura":"1 minuto"},"schema":{"@context":"https:\/\/schema.org","@graph":[{"@type":"WebPage","@id":"https:\/\/www.construccionspalet.com\/inmuebles\/local-comercial-en-venta\/","url":"https:\/\/www.construccionspalet.com\/inmuebles\/local-comercial-en-venta\/","name":"Local comercial en venta &#187; Construccions Palet","isPartOf":{"@id":"https:\/\/www.construccionspalet.com\/#website"},"primaryImageOfPage":{"@id":"https:\/\/www.construccionspalet.com\/inmuebles\/local-comercial-en-venta\/#primaryimage"},"image":{"@id":"https:\/\/www.construccionspalet.com\/inmuebles\/local-comercial-en-venta\/#primaryimage"},"thumbnailUrl":"https:\/\/www.construccionspalet.com\/wp-content\/uploads\/2020\/07\/NOV.jpg","datePublished":"2020-07-24T08:46:44+00:00","dateModified":"2025-07-03T10:22:33+00:00","breadcrumb":{"@id":"https:\/\/www.construccionspalet.com\/inmuebles\/local-comercial-en-venta\/#breadcrumb"},"inLanguage":"es","potentialAction":[{"@type":"ReadAction","target":["https:\/\/www.construccionspalet.com\/inmuebles\/local-comercial-en-venta\/"]}]},{"@type":"ImageObject","inLanguage":"es","@id":"https:\/\/www.construccionspalet.com\/inmuebles\/local-comercial-en-venta\/#primaryimage","url":"https:\/\/www.construccionspalet.com\/wp-content\/uploads\/2020\/07\/NOV.jpg","contentUrl":"https:\/\/www.construccionspalet.com\/wp-content\/uploads\/2020\/07\/NOV.jpg","width":1599,"height":1200},{"@type":"BreadcrumbList","@id":"https:\/\/www.construccionspalet.com\/inmuebles\/local-comercial-en-venta\/#breadcrumb","itemListElement":[{"@type":"ListItem","position":1,"name":"Portada","item":"https:\/\/www.construccionspalet.com\/"},{"@type":"ListItem","position":2,"name":"Immobles","item":"https:\/\/www.construccionspalet.com\/es\/inmuebles\/"},{"@type":"ListItem","position":3,"name":"Local comercial en venta"}]},{"@type":"WebSite","@id":"https:\/\/www.construccionspalet.com\/#website","url":"https:\/\/www.construccionspalet.com\/","name":"Construccions Palet","description":"Obres i reformes integrals amb acabats d&#039;alta qualitat al Maresme","publisher":{"@id":"https:\/\/www.construccionspalet.com\/#organization"},"potentialAction":[{"@type":"SearchAction","target":{"@type":"EntryPoint","urlTemplate":"https:\/\/www.construccionspalet.com\/?s={search_term_string}"},"query-input":{"@type":"PropertyValueSpecification","valueRequired":true,"valueName":"search_term_string"}}],"inLanguage":"es"},{"@type":"Organization","@id":"https:\/\/www.construccionspalet.com\/#organization","name":"Construccions Palet","url":"https:\/\/www.construccionspalet.com\/","logo":{"@type":"ImageObject","inLanguage":"es","@id":"https:\/\/www.construccionspalet.com\/#\/schema\/logo\/image\/","url":"https:\/\/construccionspalet.b-cdn.net\/wp-content\/uploads\/2020\/01\/logo-construccions-palet_w512-1.png","contentUrl":"https:\/\/construccionspalet.b-cdn.net\/wp-content\/uploads\/2020\/01\/logo-construccions-palet_w512-1.png","width":512,"height":182,"caption":"Construccions Palet"},"image":{"@id":"https:\/\/www.construccionspalet.com\/#\/schema\/logo\/image\/"}}]}},"_links":{"self":[{"href":"https:\/\/www.construccionspalet.com\/es\/wp-json\/wp\/v2\/inmuebles\/1409","targetHints":{"allow":["GET"]}}],"collection":[{"href":"https:\/\/www.construccionspalet.com\/es\/wp-json\/wp\/v2\/inmuebles"}],"about":[{"href":"https:\/\/www.construccionspalet.com\/es\/wp-json\/wp\/v2\/types\/inmuebles"}],"wp:featuredmedia":[{"embeddable":true,"href":"https:\/\/www.construccionspalet.com\/es\/wp-json\/wp\/v2\/media\/1419"}],"wp:attachment":[{"href":"https:\/\/www.construccionspalet.com\/es\/wp-json\/wp\/v2\/media?parent=1409"}],"wp:term":[{"taxonomy":"modalitat","embeddable":true,"href":"https:\/\/www.construccionspalet.com\/es\/wp-json\/wp\/v2\/modalitat?post=1409"},{"taxonomy":"poblacions","embeddable":true,"href":"https:\/\/www.construccionspalet.com\/es\/wp-json\/wp\/v2\/poblacions?post=1409"},{"taxonomy":"tipologias","embeddable":true,"href":"https:\/\/www.construccionspalet.com\/es\/wp-json\/wp\/v2\/tipologias?post=1409"}],"curies":[{"name":"wp","href":"https:\/\/api.w.org\/{rel}","templated":true}]}}

<p>Local comercial en Calella, a tan solo media hora de Barcelona. Local esquinero de 90 m² en la calle Barcelona con calle San Isidro. Muy céntrico, cerca del Ayuntamiento y la Iglesia. El local dispone de 2 despachos, trastero, aseo, 2 aparatos de aire acondicionado, alarma y 5 persianas automáticas.  Magnífico estado de conservación.</p>
<p>¡Ideal para emprender un nuevo negocio!</p>
<p>&nbsp;</p>
<p>&nbsp;</p>

<!-- This site is optimized with the Yoast SEO plugin v27.1.1 - https://yoast.com/product/yoast-seo-wordpress/ -->
<title>Local comercial en venta &#187; Construccions Palet</title>
<meta name="robots" content="index, follow, max-snippet:-1, max-image-preview:large, max-video-preview:-1" />
<link rel="canonical" href="https://www.construccionspalet.com/es/inmuebles/local-comercial-en-venta/" />
<meta property="og:locale" content="es_ES" />
<meta property="og:type" content="article" />
<meta property="og:title" content="Local comercial en venta &#187; Construccions Palet" />
<meta property="og:description" content="Local comercial a Calella, a només mitja hora de Barcelona. Local cantoner de 90m2 al carrer Barcelona amb carrer Sant Isidre. Molt cèntric, a prop de l&#8217;Ajuntament i l&#8217;Església. El local disposa de 2 despatxos, traster, lavabo, 2 aparells dʻaire condicionat, alarma i 5 persianes automàtiques.  Magnífic estat de conservació. Ideal per emprendre un nou ... Leer más" />
<meta property="og:url" content="https://www.construccionspalet.com/es/inmuebles/local-comercial-en-venta/" />
<meta property="og:site_name" content="Construccions Palet" />
<meta property="article:modified_time" content="2025-07-03T10:22:33+00:00" />
<meta property="og:image" content="https://www.construccionspalet.com/wp-content/uploads/2020/07/NOV.jpg" />
	<meta property="og:image:width" content="1599" />
	<meta property="og:image:height" content="1200" />
	<meta property="og:image:type" content="image/jpeg" />
<meta name="twitter:card" content="summary_large_image" />
<meta name="twitter:label1" content="Tiempo de lectura" />
	<meta name="twitter:data1" content="1 minuto" />
<script type="application/ld+json" class="yoast-schema-graph">{"@context":"https://schema.org","@graph":[{"@type":"WebPage","@id":"https://www.construccionspalet.com/inmuebles/local-comercial-en-venta/","url":"https://www.construccionspalet.com/inmuebles/local-comercial-en-venta/","name":"Local comercial en venta &#187; Construccions Palet","isPartOf":{"@id":"https://www.construccionspalet.com/#website"},"primaryImageOfPage":{"@id":"https://www.construccionspalet.com/inmuebles/local-comercial-en-venta/#primaryimage"},"image":{"@id":"https://www.construccionspalet.com/inmuebles/local-comercial-en-venta/#primaryimage"},"thumbnailUrl":"https://www.construccionspalet.com/wp-content/uploads/2020/07/NOV.jpg","datePublished":"2020-07-24T08:46:44+00:00","dateModified":"2025-07-03T10:22:33+00:00","breadcrumb":{"@id":"https://www.construccionspalet.com/inmuebles/local-comercial-en-venta/#breadcrumb"},"inLanguage":"es","potentialAction":[{"@type":"ReadAction","target":["https://www.construccionspalet.com/inmuebles/local-comercial-en-venta/"]}]},{"@type":"ImageObject","inLanguage":"es","@id":"https://www.construccionspalet.com/inmuebles/local-comercial-en-venta/#primaryimage","url":"https://www.construccionspalet.com/wp-content/uploads/2020/07/NOV.jpg","contentUrl":"https://www.construccionspalet.com/wp-content/uploads/2020/07/NOV.jpg","width":1599,"height":1200},{"@type":"BreadcrumbList","@id":"https://www.construccionspalet.com/inmuebles/local-comercial-en-venta/#breadcrumb","itemListElement":[{"@type":"ListItem","position":1,"name":"Portada","item":"https://www.construccionspalet.com/"},{"@type":"ListItem","position":2,"name":"Immobles","item":"https://www.construccionspalet.com/es/inmuebles/"},{"@type":"ListItem","position":3,"name":"Local comercial en venta"}]},{"@type":"WebSite","@id":"https://www.construccionspalet.com/#website","url":"https://www.construccionspalet.com/","name":"Construccions Palet","description":"Obres i reformes integrals amb acabats d&#039;alta qualitat al Maresme","publisher":{"@id":"https://www.construccionspalet.com/#organization"},"potentialAction":[{"@type":"SearchAction","target":{"@type":"EntryPoint","urlTemplate":"https://www.construccionspalet.com/?s={search_term_string}"},"query-input":{"@type":"PropertyValueSpecification","valueRequired":true,"valueName":"search_term_string"}}],"inLanguage":"es"},{"@type":"Organization","@id":"https://www.construccionspalet.com/#organization","name":"Construccions Palet","url":"https://www.construccionspalet.com/","logo":{"@type":"ImageObject","inLanguage":"es","@id":"https://www.construccionspalet.com/#/schema/logo/image/","url":"https://construccionspalet.b-cdn.net/wp-content/uploads/2020/01/logo-construccions-palet_w512-1.png","contentUrl":"https://construccionspalet.b-cdn.net/wp-content/uploads/2020/01/logo-construccions-palet_w512-1.png","width":512,"height":182,"caption":"Construccions Palet"},"image":{"@id":"https://www.construccionspalet.com/#/schema/logo/image/"}}]}</script>
<!-- / Yoast SEO plugin. -->

Local comercial a Calella, a només mitja hora de Barcelona. Local cantoner de 90m2 al carrer Barcelona amb carrer Sant Isidre. Molt cèntric, a prop de l&#8217;Ajuntament i l&#8217;Església. El local disposa de 2 despatxos, traster, lavabo, 2 aparells dʻaire condicionat, alarma i 5 persianes automàtiques.  Magnífic estat de conservació. Ideal per emprendre un nou ... Leer más
